t u be 7/(14/4) + (0 - 0). Suppose -2*d = t + 4*t - 1305, 0 = u*t - d - 513. Is t prime?
False
Let w = -24 - -109. Suppose 0 = -4*l - 8, l = n + 5*l + 5. Suppose -3*j + w = -4*c, -n*j - 5*c + 57 = 8. Is j composite?
False
Let m(l) = 2*l**2 - 4*l - 31. Let b(y) = 3*y**2 - 5*y - 31. Let z(t) = 3*b(t) - 4*m(t). Is z(-10) composite?
True
Suppose 0 = -3*t - 5 + 35. Let b = t + -8. Suppose -93 = -b*c + 5*f, -5*c - 5*f + 0*f = -250. Is c a composite number?
True
Suppose -3*s + 205505 = 4*f, -93*s + 91*s + 136998 = 4*f. Is s prime?
True
Suppose -9*o + 12*o = -2604. Let j = 1835 + o. Is j composite?
False
Let q = 395 + 219. Is q prime?
False
Let m be ((-1)/(-3))/((-13)/39). Is (3 + m)/(2/149) prime?
True
Let n(d) = 2830*d**2 + 40*d + 11. Is n(3) a prime number?
True
Let t = 69 + -93. Let l(v) = -64*v + 38. Is l(t) composite?
True
Suppose -8835 = -2*b + 5*a, 13256 = 3*b - 4*a - 0*a. Let q = b + -1061. Is q a prime number?
True
Let k = -138 - -193. Let x = k + 1086. Is x prime?
False
Suppose 37*x - 34388 = 33*x. Is x a composite number?
False
Let b be ((-18472)/12)/(14/(-21)). Suppose -3*k + 11545 = 5*c, -c - 4*k - b = -2*c. Is c a prime number?
True
Suppose 4*h + 26337 - 113149 = 0. Is h a prime number?
False
Suppose 4*s - 5*m + 8 = 0, 0 = 3*s - 0*m - 5*m + 11. Suppose 0 = 12*p - s*p - 10485. Is p a composite number?
True
Let x(i) = i**3 - 61*i**2 - 124*i - 91. Is x(65) a prime number?
False
Suppose 4*g = 2*a - 24894, -33*a - 2*g - 49776 = -37*a. Is a composite?
True
Let p(q) = -3*q**3 - q**2 + 23*q + 31. Is p(-14) a composite number?
True
Let u = -32 - -30. Is (3 + u)/((-7)/(-2149)) a prime number?
True
Suppose -2*b - v - 4*v = 20, -v - 4 = 0. Suppose -5*w - 3*g = -1458 - 924, b = 4*w + 3*g - 1905. Suppose 3*d - w = -0*d. Is d prime?
False
Suppose 0 = 6*n - 10*n + 1060. Suppose 4*o + 53 = 2*r - r, 0 = -5*r - 4*o + n. Is r a composite number?
False
Let m = -824 - -18537. Is m a composite number?
False
Suppose -576 - 571 = -z. Let b = z - 488. Is b a prime number?
True
Let v be ((-6)/8)/((-9)/36). Suppose -g - 3*g = -l + 1109, 3300 = 3*l - v*g. Is l a prime number?
True
Suppose 117779 + 28521 = 10*h. Suppose 4*v - 13145 = 5*s - 1412, 0 = 5*v + s - h. Is v composite?
False
Is (291/388)/((-3)/(-113944)) composite?
True
Let v(q) be the first derivative of -q**3/3 + 3*q**2/2 - 2*q - 1. Let d be v(2). Suppose d = 2*y + y - 147. Is y a prime number?
False
Let g(m) be the second derivative of 233*m**4/12 + m. Let w(s) = 116*s**2. Let a(z) = 3*g(z) - 5*w(z). Is a(-1) a composite number?
True
Is (-223656)/(-12) + (-21)/3 - -4 prime?
False
Suppose -5*u = i - 14046, -4*u + 15 + 5 = 0. Is i a prime number?
False
Let o(w) = -1776*w + 19. Is o(-2) composite?
False
Let r = -3062 - -4801. Is r composite?
True
Let s(f) = -f**3 + 4*f**2 + 7*f - 8. Let g be s(5). Let z = g + 4. Suppose z*p - 160 - 122 = 0. Is p composite?
False
Suppose -12*w + 234242 = -70906. Is w prime?
False
Suppose 3*z - 1 = -5*t, -5*t - 3*z - 1 = -t. Suppose -g - 3*g + 7064 = 4*n, t*g - 3529 = -3*n. Is g a prime number?
False
Let x(b) = 19*b**2 - 10*b - 33. Let p be x(-5). Let f be 40502/6 - 1/3. Suppose p = -6*k + f. Is k prime?
False
Suppose 5*a + 69 = 519. Let n = 78 + 259. Let r = n - a. Is r prime?
False
Let o(s) = -23*s - 3. Let n(k) = -k. Let a(x) = n(x) - o(x). Suppose 9 - 2 = m + 2*f, 3 = 3*f. Is a(m) composite?
False
Suppose -5*n - 7672 = -19937. Is n composite?
True
Suppose -4*p + 1487 = -5*q - 3275, 0 = -5*q + p - 4768. Let g = -658 - q. Suppose -3*m + 262 = 5*x, -5*x - 27 = -4*m - g. Is x a composite number?
False
Suppose -j - 5 = 0, -5*i - 23*j + 26*j = -238700. Is i a composite number?
False
Suppose -2*r + 2 = 10. Let n(j) = -j**3 - 6*j**2 - 7*j + 4. Let w be n(r). Suppose 0 = -5*t + 3*m + 1493, w*t - 2*t = -5*m - 582. Is t a prime number?
False
Suppose -28*v + 26*v + 5*b + 44542 = 0, -2*b = -3*v + 66791. Is v prime?
False
Let l(x) = x**2 + 2*x - 5. Let r be l(-4). Suppose -6 = -r*s - 42. Is (-1784)/s - (-2)/6 prime?
True
Let t(c) = 3652*c + 47. Is t(6) composite?
True
Let n(b) = 220*b**3 + 5*b**2 + 5*b - 7. Is n(3) a composite number?
True
Let n = 103 - 98. Is (-1 - (2 - n))/((-2)/(-1171)) a composite number?
False
Is (40 - 39) + (-4188)/(-2) a prime number?
False
Let f be (-2)/8 - (-26883)/(-36). Let i = -334 - f. Is i a prime number?
False
Is 1224 - (-2 + 3) - -4 a prime number?
False
Let p be (-1212)/18*3*38/4. Is (-111)/148 + (p/(-4) - 0) a composite number?
False
Suppose -1677 = -3*d - 4*w, -5*d + 1844 = 4*w - 951. Is d a prime number?
False
Suppose a - 1 = 0, -4*x + 2*a + 0*a + 3186 = 0. Is (-4 - -4 - 0) + x composite?
False
Let u = 243087 - 18524. Is u prime?
True
Let n = -21 - -20. Let f(j) = 880*j**2 + j + 1. Let m be f(n). Is m/28 + 3/(-7) prime?
True
Suppose 3*q = 3*g - 25023, -g + 3*q - q + 8339 = 0. Suppose 650 = -7*v + g. Is v prime?
False
Let h(f) = 122*f + 8. Let s be h(3). Let x = s + 1365. Is x composite?
True
Let m be -2*-6*(-2)/(-8). Suppose 0 = -7*h + m*h + 636. Is h prime?
False
Let k = 2813 + -1267. Is k a composite number?
True
Is (-46179)/(-36) + (-1)/(-4) a composite number?
False
Suppose -p = -3*p + 8. Suppose 4*y + 2098 = p*m - 2*m, 3*m + 4*y = 3117. Is m a composite number?
True
Let g = -2375 + 4222. Is g a composite number?
False
Let t(m) = 94*m**2 - 69*m + 94. Is t(31) a composite number?
False
Let u(c) be the third derivative of -13*c**6/30 + c**5/60 + c**4/24 + c**3/6 - 2*c**2. Is u(-2) prime?
True
Suppose -56*u + 201171 = -53*u. Is u prime?
True
Let z = -9 - -14. Let b = z - 3. Is 134/4 - b/4 composite?
True
Suppose 79886 = 9*v + 29873. Is v a prime number?
True
Suppose -h = -5*v + 436567, -83*v + 87*v + 5*h - 349242 = 0. Is v composite?
False
Let t be 3/(-1)*(-2)/(-3). Let z(r) be the second derivative of -34*r**3/3 - 5*r**2/2 + 13*r. Is z(t) a prime number?
True
Suppose -8*y + 4657 + 17095 = 0. Is y a prime number?
True
Let u be (1 - 1) + 3*10/(-6). Is (1524/30)/((-1)/u) a prime number?
False
Let k be 1/((-12)/(-15) + -1). Let q = 5 + k. Is 141*(3 + -2 + q) prime?
False
Suppose -14*a - 159 = -11*a. Let t = 12 - a. Is t prime?
False
Is (-15)/(6 + (-9225)/1535) composite?
True
Let d be ((-1804)/8)/((-1)/2). Let f = 227 - d. Let c = -135 - f. Is c prime?
True
Let l(a) = 4*a - 5. Suppose 0 = -5*d + 5, 5*d = -5*s + 6 + 9. Let u be l(s). Is ((-3)/(-9))/(u/387) a prime number?
True
Let j be (-8)/20 - (-44)/10. Let u(n) = 93*n + 7. Is u(j) a composite number?
False
Suppose i - 6*i - 60 = 0. Let v = 16 + i. Suppose -5*h = -0*m - 3*m - 2870, 4*h + v*m - 2264 = 0. Is h a prime number?
True
Let m be (3 - (3 - -2))/(-2 + 3). Is (451/m)/((-8)/16) composite?
True
Suppose 2*j + 549 = -661. Let u = -102 - j. Is u a prime number?
True
Suppose 0 = 44*x - 24*x - 206020. Is x composite?
False
Let q = 22016 + 353. Is q composite?
False
Let l(d) = -d - 21. Let h be l(-19). Is (-628)/(-8)*(h + 6) composite?
True
Let a = -3326 + 7827. Is a prime?
False
Suppose 4*p - p = -3, 5683 = 2*x + 3*p. Is x a composite number?
False
Suppose 0 = 2*j + 2*c + 2, 0 = -0*j + 4*j - 5*c - 23. Let w be ((-2)/j - -452) + 0. Let g = w + -296. Is g composite?
True
Is (-36)/(-7 - -16) - 11*-33 a composite number?
False
Let q = -64596 - -173173. Is q a prime number?
False
Let i(d) = 8*d - 27. Suppose -4*y = -2*n - 85 + 1, -2*y + 52 = 4*n. Is i(y) a prime number?
True
Let g(m) = -7*m + 57 - 9*m - 9*m + 2*m. Is g(-14) prime?
True
Suppose -2*r + 153 = 2*q - 25, 4*r = 0. Is q prime?
True
Suppose 4*u + 1346 = -154. Suppose -6074 = -5*m - 1034. Let o = m + u. Is o composite?
True
Let h be ((-4)/3)/(-1)*(-63)/(-42). Suppose 2705 = 5*r + 4*z + z, -h*r - 4*z + 1090 = 0. Is r composite?
True
Let m(d) = 15*d - 2. Let y be (-5 - 1)*(-26)/39. Suppose q = 3*q - 2*p - 10, y*p = -q - 5. Is m(q) composite?
False
Is (0/(-1) - -240) + (72 - 75) a prime number?
False
Suppose -24*i + 636 = -20*i. Is 2*i/12*6 composite?
True
Suppose 4*v + 150 = 9*v. Is (-12)/v + 10694/10 composite?
False
Suppose -12*b = -21018 - 4194. Is b composite?
True
Let d = 541 - 913. Let j = -459 - -272. Let z = j - d. Is z prime?
False
Let o(i) = 10*i**2 - 52*i - 15. Is o(-22) a composite number?
True
Suppose 0 = -11*t + 19*t - 84184. Is t a prime number?
False
Is 9/((-36)/(-1664)) + -3 a prime number?
False
Suppose m + 16741 = 3*n, 5*n + 1